{"id":78,"date":"2024-05-26T17:37:03","date_gmt":"2024-05-26T15:37:03","guid":{"rendered":"http:\/\/localhost\/wordpress\/?page_id=78"},"modified":"2026-01-26T19:24:10","modified_gmt":"2026-01-26T18:24:10","slug":"pourquoi-adherer","status":"publish","type":"page","link":"https:\/\/snfolc76.fr\/?page_id=78","title":{"rendered":"Comment adh\u00e9rer au SNFOLC76 ?"},"content":{"rendered":"\n<p><\/p>\n\n\n\n<p>Pour adh\u00e9rer au SNFOLC76 il suffit de remplir le bulletin d&rsquo;adh\u00e9sion et de le renvoyer par courrier postal ou par mail. Une adh\u00e9sion au SNFOLC76 se fait en \u00ab\u00a0ann\u00e9e glissante\u00a0\u00bb. C&rsquo;est \u00e0 dire qu&rsquo;une adh\u00e9sion prise, par exemple, au mois de novembre est valable jusqu&rsquo;au mois de novembre prochain.<\/p>\n\n\n\n<div class=\"wp-block-columns is-layout-flex wp-container-core-columns-is-layout-28f84493 wp-block-columns-is-layout-flex\">\n<div class=\"wp-block-column is-layout-flow wp-block-column-is-layout-flow\" style=\"flex-basis:100%\">\n<div data-wp-interactive=\"core\/file\" class=\"wp-block-file\"><object data-wp-bind--hidden=\"!state.hasPdfPreview\" hidden class=\"wp-block-file__embed\" data=\"https:\/\/snfolc76.fr\/wp-content\/uploads\/2026\/01\/bulletin-2026-cotisation-SNFOLC-76-1.pdf\" type=\"application\/pdf\" style=\"width:100%;height:600px\" aria-label=\"Contenu embarqu\u00e9 bulletin 2026 cotisation SNFOLC 76.\"><\/object><a id=\"wp-block-file--media-e0e08320-99f0-43fe-b334-286025c93c89\" href=\"https:\/\/snfolc76.fr\/wp-content\/uploads\/2026\/01\/bulletin-2026-cotisation-SNFOLC-76-1.pdf\">bulletin 2026 cotisation SNFOLC 76<\/a><a href=\"https:\/\/snfolc76.fr\/wp-content\/uploads\/2026\/01\/bulletin-2026-cotisation-SNFOLC-76-1.pdf\" class=\"wp-block-file__button wp-element-button\" download aria-describedby=\"wp-block-file--media-e0e08320-99f0-43fe-b334-286025c93c89\">T\u00e9l\u00e9charger<\/a><\/div>\n<\/div>\n<\/div>\n","protected":false},"excerpt":{"rendered":"<p>Pour adh\u00e9rer au SNFOLC76 il suffit de remplir le bulletin d&rsquo;adh\u00e9sion et de le renvoyer par courrier postal ou par [&hellip;]<\/p>\n","protected":false},"author":1,"featured_media":0,"parent":0,"menu_order":0,"comment_status":"closed","ping_status":"closed","template":"","meta":{"site-sidebar-layout":"default","site-content-layout":"","ast-site-content-layout":"default","site-content-style":"default","site-sidebar-style":"default","ast-global-header-display":"","ast-banner-title-visibility":"","ast-main-header-display":"","ast-hfb-above-header-display":"","ast-hfb-below-header-display":"","ast-hfb-mobile-header-display":"","site-post-title":"","ast-breadcrumbs-content":"","ast-featured-img":"","footer-sml-layout":"","theme-transparent-header-meta":"","adv-header-id-meta":"","stick-header-meta":"","header-above-stick-meta":"","header-main-stick-meta":"","header-below-stick-meta":"","astra-migrate-meta-layouts":"default","ast-page-background-enabled":"default","ast-page-background-meta":{"desktop":{"background-color":"var(--ast-global-color-4)","background-image":"","background-repeat":"repeat","background-position":"center center","background-size":"auto","background-attachment":"scroll","background-type":"","background-media":"","overlay-type":"","overlay-color":"","overlay-opacity":"","overlay-gradient":""},"tablet":{"background-color":"","background-image":"","background-repeat":"repeat","background-position":"center center","background-size":"auto","background-attachment":"scroll","background-type":"","background-media":"","overlay-type":"","overlay-color":"","overlay-opacity":"","overlay-gradient":""},"mobile":{"background-color":"","background-image":"","background-repeat":"repeat","background-position":"center center","background-size":"auto","background-attachment":"scroll","background-type":"","background-media":"","overlay-type":"","overlay-color":"","overlay-opacity":"","overlay-gradient":""}},"ast-content-background-meta":{"desktop":{"background-color":"var(--ast-global-color-5)","background-image":"","background-repeat":"repeat","background-position":"center center","background-size":"auto","background-attachment":"scroll","background-type":"","background-media":"","overlay-type":"","overlay-color":"","overlay-opacity":"","overlay-gradient":""},"tablet":{"background-color":"var(--ast-global-color-5)","background-image":"","background-repeat":"repeat","background-position":"center center","background-size":"auto","background-attachment":"scroll","background-type":"","background-media":"","overlay-type":"","overlay-color":"","overlay-opacity":"","overlay-gradient":""},"mobile":{"background-color":"var(--ast-global-color-5)","background-image":"","background-repeat":"repeat","background-position":"center center","background-size":"auto","background-attachment":"scroll","background-type":"","background-media":"","overlay-type":"","overlay-color":"","overlay-opacity":"","overlay-gradient":""}},"footnotes":""},"class_list":["post-78","page","type-page","status-publish","hentry"],"yoast_head":"<!-- This site is optimized with the Yoast SEO plugin v26.8 - https:\/\/yoast.com\/product\/yoast-seo-wordpress\/ -->\n<title>Comment adh\u00e9rer au SNFOLC76 ?<\/title>\n<meta name=\"description\" content=\"Pour adh\u00e9rer au SNFOLC76 il suffit de remplir le bulletin d&#039;adh\u00e9sion et de le renvoyer par courrier postal ou par mail. Une adh\u00e9sion au SNFOLC76 se fait\" \/>\n<meta name=\"robots\" content=\"index, follow, max-snippet:-1, max-image-preview:large, max-video-preview:-1\" \/>\n<link rel=\"canonical\" href=\"https:\/\/snfolc76.fr\/?page_id=78\" \/>\n<meta property=\"og:locale\" content=\"fr_FR\" \/>\n<meta property=\"og:type\" content=\"article\" \/>\n<meta property=\"og:title\" content=\"Comment adh\u00e9rer au SNFOLC76 ?\" \/>\n<meta property=\"og:description\" content=\"Pour adh\u00e9rer au SNFOLC76 il suffit de remplir le bulletin d&#039;adh\u00e9sion et de le renvoyer par courrier postal ou par mail. Une adh\u00e9sion au SNFOLC76 se fait\" \/>\n<meta property=\"og:url\" content=\"https:\/\/snfolc76.fr\/?page_id=78\" \/>\n<meta property=\"article:publisher\" content=\"https:\/\/www.facebook.com\/snfolcsnetaafo.rouen\" \/>\n<meta property=\"article:modified_time\" content=\"2026-01-26T18:24:10+00:00\" \/>\n<meta name=\"twitter:card\" content=\"summary_large_image\" \/>\n<meta name=\"twitter:label1\" content=\"Dur\u00e9e de lecture estim\u00e9e\" \/>\n\t<meta name=\"twitter:data1\" content=\"1 minute\" \/>\n<script type=\"application\/ld+json\" class=\"yoast-schema-graph\">{\"@context\":\"https:\/\/schema.org\",\"@graph\":[{\"@type\":\"WebPage\",\"@id\":\"https:\/\/snfolc76.fr\/?page_id=78\",\"url\":\"https:\/\/snfolc76.fr\/?page_id=78\",\"name\":\"Comment adh\u00e9rer au SNFOLC76 ?\",\"isPartOf\":{\"@id\":\"https:\/\/snfolc76.fr\/#website\"},\"datePublished\":\"2024-05-26T15:37:03+00:00\",\"dateModified\":\"2026-01-26T18:24:10+00:00\",\"description\":\"Pour adh\u00e9rer au SNFOLC76 il suffit de remplir le bulletin d'adh\u00e9sion et de le renvoyer par courrier postal ou par mail. Une adh\u00e9sion au SNFOLC76 se fait\",\"breadcrumb\":{\"@id\":\"https:\/\/snfolc76.fr\/?page_id=78#breadcrumb\"},\"inLanguage\":\"fr-FR\",\"potentialAction\":[{\"@type\":\"ReadAction\",\"target\":[\"https:\/\/snfolc76.fr\/?page_id=78\"]}]},{\"@type\":\"BreadcrumbList\",\"@id\":\"https:\/\/snfolc76.fr\/?page_id=78#breadcrumb\",\"itemListElement\":[{\"@type\":\"ListItem\",\"position\":1,\"name\":\"Accueil\",\"item\":\"https:\/\/snfolc76.fr\/\"},{\"@type\":\"ListItem\",\"position\":2,\"name\":\"Comment adh\u00e9rer au SNFOLC76 ?\"}]},{\"@type\":\"WebSite\",\"@id\":\"https:\/\/snfolc76.fr\/#website\",\"url\":\"https:\/\/snfolc76.fr\/\",\"name\":\"snfolc76.fr\",\"description\":\"snfolc76\",\"publisher\":{\"@id\":\"https:\/\/snfolc76.fr\/#organization\"},\"potentialAction\":[{\"@type\":\"SearchAction\",\"target\":{\"@type\":\"EntryPoint\",\"urlTemplate\":\"https:\/\/snfolc76.fr\/?s={search_term_string}\"},\"query-input\":{\"@type\":\"PropertyValueSpecification\",\"valueRequired\":true,\"valueName\":\"search_term_string\"}}],\"inLanguage\":\"fr-FR\"},{\"@type\":\"Organization\",\"@id\":\"https:\/\/snfolc76.fr\/#organization\",\"name\":\"syndicat national lyc\u00e9es coll\u00e8ge de seine maritime\",\"url\":\"https:\/\/snfolc76.fr\/\",\"logo\":{\"@type\":\"ImageObject\",\"inLanguage\":\"fr-FR\",\"@id\":\"https:\/\/snfolc76.fr\/#\/schema\/logo\/image\/\",\"url\":\"https:\/\/snfolc76.fr\/wp-content\/uploads\/2024\/11\/cropped-logo.png\",\"contentUrl\":\"https:\/\/snfolc76.fr\/wp-content\/uploads\/2024\/11\/cropped-logo.png\",\"width\":365,\"height\":55,\"caption\":\"syndicat national lyc\u00e9es coll\u00e8ge de seine maritime\"},\"image\":{\"@id\":\"https:\/\/snfolc76.fr\/#\/schema\/logo\/image\/\"},\"sameAs\":[\"https:\/\/www.facebook.com\/snfolcsnetaafo.rouen\"]}]}<\/script>\n<!-- \/ Yoast SEO plugin. -->","yoast_head_json":{"title":"Comment adh\u00e9rer au SNFOLC76 ?","description":"Pour adh\u00e9rer au SNFOLC76 il suffit de remplir le bulletin d'adh\u00e9sion et de le renvoyer par courrier postal ou par mail. Une adh\u00e9sion au SNFOLC76 se fait","robots":{"index":"index","follow":"follow","max-snippet":"max-snippet:-1","max-image-preview":"max-image-preview:large","max-video-preview":"max-video-preview:-1"},"canonical":"https:\/\/snfolc76.fr\/?page_id=78","og_locale":"fr_FR","og_type":"article","og_title":"Comment adh\u00e9rer au SNFOLC76 ?","og_description":"Pour adh\u00e9rer au SNFOLC76 il suffit de remplir le bulletin d'adh\u00e9sion et de le renvoyer par courrier postal ou par mail. Une adh\u00e9sion au SNFOLC76 se fait","og_url":"https:\/\/snfolc76.fr\/?page_id=78","article_publisher":"https:\/\/www.facebook.com\/snfolcsnetaafo.rouen","article_modified_time":"2026-01-26T18:24:10+00:00","twitter_card":"summary_large_image","twitter_misc":{"Dur\u00e9e de lecture estim\u00e9e":"1 minute"},"schema":{"@context":"https:\/\/schema.org","@graph":[{"@type":"WebPage","@id":"https:\/\/snfolc76.fr\/?page_id=78","url":"https:\/\/snfolc76.fr\/?page_id=78","name":"Comment adh\u00e9rer au SNFOLC76 ?","isPartOf":{"@id":"https:\/\/snfolc76.fr\/#website"},"datePublished":"2024-05-26T15:37:03+00:00","dateModified":"2026-01-26T18:24:10+00:00","description":"Pour adh\u00e9rer au SNFOLC76 il suffit de remplir le bulletin d'adh\u00e9sion et de le renvoyer par courrier postal ou par mail. Une adh\u00e9sion au SNFOLC76 se fait","breadcrumb":{"@id":"https:\/\/snfolc76.fr\/?page_id=78#breadcrumb"},"inLanguage":"fr-FR","potentialAction":[{"@type":"ReadAction","target":["https:\/\/snfolc76.fr\/?page_id=78"]}]},{"@type":"BreadcrumbList","@id":"https:\/\/snfolc76.fr\/?page_id=78#breadcrumb","itemListElement":[{"@type":"ListItem","position":1,"name":"Accueil","item":"https:\/\/snfolc76.fr\/"},{"@type":"ListItem","position":2,"name":"Comment adh\u00e9rer au SNFOLC76 ?"}]},{"@type":"WebSite","@id":"https:\/\/snfolc76.fr\/#website","url":"https:\/\/snfolc76.fr\/","name":"snfolc76.fr","description":"snfolc76","publisher":{"@id":"https:\/\/snfolc76.fr\/#organization"},"potentialAction":[{"@type":"SearchAction","target":{"@type":"EntryPoint","urlTemplate":"https:\/\/snfolc76.fr\/?s={search_term_string}"},"query-input":{"@type":"PropertyValueSpecification","valueRequired":true,"valueName":"search_term_string"}}],"inLanguage":"fr-FR"},{"@type":"Organization","@id":"https:\/\/snfolc76.fr\/#organization","name":"syndicat national lyc\u00e9es coll\u00e8ge de seine maritime","url":"https:\/\/snfolc76.fr\/","logo":{"@type":"ImageObject","inLanguage":"fr-FR","@id":"https:\/\/snfolc76.fr\/#\/schema\/logo\/image\/","url":"https:\/\/snfolc76.fr\/wp-content\/uploads\/2024\/11\/cropped-logo.png","contentUrl":"https:\/\/snfolc76.fr\/wp-content\/uploads\/2024\/11\/cropped-logo.png","width":365,"height":55,"caption":"syndicat national lyc\u00e9es coll\u00e8ge de seine maritime"},"image":{"@id":"https:\/\/snfolc76.fr\/#\/schema\/logo\/image\/"},"sameAs":["https:\/\/www.facebook.com\/snfolcsnetaafo.rouen"]}]}},"_links":{"self":[{"href":"https:\/\/snfolc76.fr\/index.php?rest_route=\/wp\/v2\/pages\/78","targetHints":{"allow":["GET"]}}],"collection":[{"href":"https:\/\/snfolc76.fr\/index.php?rest_route=\/wp\/v2\/pages"}],"about":[{"href":"https:\/\/snfolc76.fr\/index.php?rest_route=\/wp\/v2\/types\/page"}],"author":[{"embeddable":true,"href":"https:\/\/snfolc76.fr\/index.php?rest_route=\/wp\/v2\/users\/1"}],"replies":[{"embeddable":true,"href":"https:\/\/snfolc76.fr\/index.php?rest_route=%2Fwp%2Fv2%2Fcomments&post=78"}],"version-history":[{"count":7,"href":"https:\/\/snfolc76.fr\/index.php?rest_route=\/wp\/v2\/pages\/78\/revisions"}],"predecessor-version":[{"id":251,"href":"https:\/\/snfolc76.fr\/index.php?rest_route=\/wp\/v2\/pages\/78\/revisions\/251"}],"wp:attachment":[{"href":"https:\/\/snfolc76.fr\/index.php?rest_route=%2Fwp%2Fv2%2Fmedia&parent=78"}],"curies":[{"name":"wp","href":"https:\/\/api.w.org\/{rel}","templated":true}]}}